{"id":74,"date":"2023-06-02T13:49:09","date_gmt":"2023-06-02T11:49:09","guid":{"rendered":"https:\/\/www.adycoaduanas.com\/aduanas\/?page_id=74"},"modified":"2023-09-13T18:17:35","modified_gmt":"2023-09-13T16:17:35","slug":"politica-de-privacidad","status":"publish","type":"page","link":"https:\/\/www.adycoaduanas.com\/aduanas\/politica-de-privacidad\/","title":{"rendered":"POLITICA DE PRIVACIDAD"},"content":{"rendered":"<p>[et_pb_section fb_built=\u00bb1&#8243; admin_label=\u00bbAviso Legal\u00bb _builder_version=\u00bb4.21.0&#8243; _module_preset=\u00bbdefault\u00bb custom_margin=\u00bb100px||||false|false\u00bb custom_margin_tablet=\u00bb100px||||false|false\u00bb custom_margin_phone=\u00bb30px||||false|false\u00bb custom_margin_last_edited=\u00bbon|tablet\u00bb global_colors_info=\u00bb{}\u00bb][et_pb_row custom_padding_last_edited=\u00bbon|phone\u00bb _builder_version=\u00bb4.22.1&#8243; _module_preset=\u00bbdefault\u00bb custom_padding=\u00bb||150px||false|false\u00bb custom_padding_tablet=\u00bb||100px||false|false\u00bb custom_padding_phone=\u00bb||80px||false|false\u00bb global_colors_info=\u00bb{}\u00bb][et_pb_column type=\u00bb4_4&#8243; _builder_version=\u00bb4.21.0&#8243; _module_preset=\u00bbdefault\u00bb global_colors_info=\u00bb{}\u00bb][et_pb_text _builder_version=\u00bb4.22.1&#8243; _module_preset=\u00bbdefault\u00bb header_font=\u00bbSaira Semi Condensed|700|||||||\u00bb header_text_color=\u00bb#ED1E25&#8243; header_font_size=\u00bb60px\u00bb header_letter_spacing=\u00bb5px\u00bb header_2_font=\u00bbSaira Semi Condensed|||on|||||\u00bb header_2_line_height=\u00bb1.4em\u00bb hover_enabled=\u00bb0&#8243; header_font_size_tablet=\u00bb50px\u00bb header_font_size_phone=\u00bb28px\u00bb header_font_size_last_edited=\u00bbon|phone\u00bb global_colors_info=\u00bb{}\u00bb sticky_enabled=\u00bb0&#8243;]<\/p>\n<h1>POL\u00cdTICA DE PRIVACIDAD<\/h1>\n<p>&nbsp;<\/p>\n<h2><span><strong>RESPONSABLE DE DATOS PERSONALES<\/strong><\/span><\/h2>\n<p>La persona responsable de Datos personales es <span>ADOLFO IGLESIAS GONZ\u00c1LEZ, n\u00famero de DNI 51360670Z con domicilio en AVENIDA DE RAFAEL NADAL, 15, ALCOBENDAS, MADRID, CP 28108, Espa\u00f1a, en lo adelante Adolfo Iglesias<\/span><span>, y cuyo correo electr\u00f3nico de contacto es direccion@adycoaduanas.com en calidad de Administrador de la sociedad ADYCO ADUANAS S.L.<\/span><\/p>\n<p>&nbsp;<\/p>\n<h2><span><strong>DATOS SOLICITADOS EN EL SITIO WEB Y FINALIDAD DEL TRATAMIENTO<\/strong><\/span><\/h2>\n<ul>\n<li><strong>Nombre de la empresa, tel\u00e9fono, persona de contacto y correo electr\u00f3nico en el formulario de contacto: <\/strong>para realizar cualquier contacto directo con <strong>Adyco Aduanas<\/strong>, ya sea para plantear dudas, comentarios, sugerencias, solicitar un servicio, solicitar un presupuesto o cualquier otra informaci\u00f3n. No suministrar los datos personales m\u00ednimos necesarios imposibilitar\u00e1 a <b>Adyco Aduanas <\/b>por responder a la petici\u00f3n.<\/li>\n<li><strong>Nombre, Apellidos, tel\u00e9fono y correo electr\u00f3nico en el formulario de Trabaja con nosotros: <\/strong>para realizar el env\u00edo directo del Curr\u00edculum Vitae a <strong>Adyco Aduanas<\/strong>, ya sea para cubrir una plaza vacante en el momento del env\u00edo o para almacenar la informaci\u00f3n enviada por el usuario para el archivo de Curr\u00edculum Vitae para futuras oportunidades de empleo. No suministrar los datos personales m\u00ednimos necesarios imposibilitar\u00e1 a <b>Adyco Aduanas <\/b>por responder a la petici\u00f3n.<\/li>\n<li><strong>Nombre de la empresa, CIF, nombre, apellidos, direcci\u00f3n, tel\u00e9fono, correo electr\u00f3nico, n\u00famero de identificaci\u00f3n fiscal: <\/strong>se solicitar\u00e1 esta informaci\u00f3n al momento del pago del servicio, ello a los fines de procesar todo lo relacionado con el cliente.<\/li>\n<li><strong>Correo electr\u00f3nico: <\/strong>se solicitar\u00e1 el correo electr\u00f3nico para poder acceder al \u00e1rea de cliente, de acuerdo a los datos suministrados al momento de crear la cuenta.<\/li>\n<li><strong>Nombre, tel\u00e9fono y correo electr\u00f3nico para newsletter: <\/strong>con el debido consentimiento expreso y voluntario del titular de los datos, se solicitar\u00e1 en el sitio web la informaci\u00f3n m\u00ednima necesaria para enviar un bolet\u00edn comercial automatizado, donde se informar\u00e1 sobre publicidad, promociones y otra informaci\u00f3n de los servicios ofrecidos por <strong>Adyco Aduanas.<\/strong><\/li>\n<\/ul>\n<p>Si el usuario tiene menos de 16 a\u00f1os, deber\u00e1 tener la autorizaci\u00f3n de sus padres o tutores legales para entregar sus datos personales. <strong>Adyco Aduanas<\/strong> no tiene manera de comprobar efectivamente la edad de los usuarios, por lo que queda eximida de cualquier responsabilidad, si el usuario no cumple con lo aqu\u00ed indicado.<\/p>\n<p><strong>Adyco Aduanas<\/strong> en todo momento velar\u00e1 porque el uso que se le da al sitio Web, a los contenidos, y al tratamiento de los datos personales del usuario, se realicen de la forma m\u00e1s correcta. Para ello, el usuario siempre podr\u00e1 ejercer sus derechos de acceso, rectificaci\u00f3n, cancelaci\u00f3n, portabilidad, olvido u oposici\u00f3n, todo ello en fiel cumplimiento de las directrices de las leyes que rigen la materia, escribiendo a <a href=\"mailto:administracion@adycoaduanas.com\">administracion@adycoaduanas.com.<\/a><\/p>\n<p><span>En ning\u00fan momento <\/span><strong>Adyco Aduanas<\/strong><span> compartir\u00e1 con terceros los datos que posee. En caso de hacerlo para cumplir con los servicios contratados por alg\u00fan participante, enviar la newsletter, cumplir con exigencias legales o para la administraci\u00f3n del sitio Web, se proporcionar\u00e1n los debidos acuerdos de confidencialidad entre las partes.<\/span><\/p>\n<p><span>Los enlaces a terceros que se puedan encontrar en el sitio Web poseen pol\u00edticas de privacidad ajenas a <strong>Adyco Aduanas<\/strong>. El acceso a estos sitios deber\u00e1 ser responsabilidad del usuario, siendo su responsabilidad conocerlas y su decisi\u00f3n aceptarlas o no.<\/span><\/p>\n<p>[\/et_pb_text][et_pb_text _builder_version=\u00bb4.22.1&#8243; _module_preset=\u00bbdefault\u00bb header_font=\u00bbSaira Semi Condensed|700|||||||\u00bb header_text_color=\u00bb#ED1E25&#8243; header_font_size=\u00bb60px\u00bb header_letter_spacing=\u00bb5px\u00bb header_2_font=\u00bbSaira Semi Condensed|||on|||||\u00bb hover_enabled=\u00bb0&#8243; header_font_size_tablet=\u00bb50px\u00bb header_font_size_phone=\u00bb28px\u00bb header_font_size_last_edited=\u00bbon|phone\u00bb global_colors_info=\u00bb{}\u00bb sticky_enabled=\u00bb0&#8243;]<\/p>\n<h2><strong><\/strong><\/h2>\n<h2><strong><\/strong><\/h2>\n<h2><strong>FORMULARIOS<\/strong><\/h2>\n<p><span>El sitio web dispone de 4 tipos de formularios:<\/span><\/p>\n<ul>\n<li><span><strong>De contacto: <\/strong>el usuario, cliente o participante podr\u00e1 encontrar formularios que facilitar\u00e1n la comunicaci\u00f3n con <strong>Adyco Aduanas<\/strong> para plantear dudas, comentarios, solicitar un presupuesto, solicitar alguno de los servicios o exigir alg\u00fan derecho que tenga. No suministrar los datos personales m\u00ednimos necesarios imposibilitar\u00e1 a <strong>Adyco Aduanas<\/strong> responder a la petici\u00f3n. Este tratamiento se considerar\u00e1 leg\u00edtimo por ser parte de una diligencia pre-contractual. El servidor del sitio web y del correo electr\u00f3nico de <strong>Adyco Aduanas<\/strong> ser\u00e1n los encargados del tratamiento.<\/span><\/li>\n<li><span><strong>De env\u00edo de CV:<\/strong> se solicitar\u00e1 a los usuarios o participantes su consentimiento expreso y voluntario para entregar a <strong>Adyco Aduanas<\/strong>, los m\u00ednimos datos necesarios para el tratamiento del CV enviado con el fin de ser considerado candidato\/a a un puesto vacante o para que <strong>Adyco Aduanas<\/strong> almacene la informaci\u00f3n proporcionada por el usuario para cubrir una futura vacante de empleo. \u00a0El tratamiento de los datos personales que se encuentren en esta secci\u00f3n, se ha hecho con el consentimiento expreso del titular de los datos.<\/span><\/li>\n<li><span><strong>De publicidad:<\/strong> se solicitar\u00e1 a los usuarios o participantes su consentimiento expreso y voluntario para entregar a <strong>Adyco Aduanas<\/strong>, los m\u00ednimos datos necesarios para enviar publicidad e informaci\u00f3n comercial relacionada con los servicios y\/o productos ofrecidos por <strong>Adyco Aduanas<\/strong>, para que se agregue a un fichero automatizado de <em>email marketing<\/em> gestionado por el encargado del tratamiento que se indica m\u00e1s abajo. El tratamiento de los datos personales que se encuentren en esta secci\u00f3n, se ha hecho con el consentimiento del titular de los datos.<\/span><\/li>\n<li><span><strong>Para procesar la solicitud del servicio: <\/strong>se solicitar\u00e1 a los usuarios, clientes o participantes sus datos para que <strong>Adyco Aduanas<\/strong>\u00a0pueda procesar los servicios solicitados por el cliente. Tratamiento leg\u00edtimo de datos personales por la relaci\u00f3n contractual que existe con el cliente o participante. Los datos ser\u00e1n guardados en el servidor del sitio Web.<\/span><\/li>\n<\/ul>\n<p>[\/et_pb_text][et_pb_text _builder_version=\u00bb4.22.1&#8243; _module_preset=\u00bbdefault\u00bb header_font=\u00bbSaira Semi Condensed|700|||||||\u00bb header_text_color=\u00bb#ED1E25&#8243; header_font_size=\u00bb60px\u00bb header_letter_spacing=\u00bb5px\u00bb header_2_font=\u00bbSaira Semi Condensed|||on|||||\u00bb header_2_line_height=\u00bb1.4em\u00bb hover_enabled=\u00bb0&#8243; header_font_size_tablet=\u00bb50px\u00bb header_font_size_phone=\u00bb28px\u00bb header_font_size_last_edited=\u00bbon|phone\u00bb global_colors_info=\u00bb{}\u00bb sticky_enabled=\u00bb0&#8243;]<\/p>\n<h2><strong><\/strong><\/h2>\n<h2><strong><\/strong><\/h2>\n<h2><strong>ENCARGADOS DEL TRATAMIENTO<\/strong><\/h2>\n<p><strong>Adyco Aduanas<\/strong> <span>necesita el apoyo de terceros para ofrecer adecuadamente sus servicios y productos, con los cuales celebra los debidos acuerdos de confidencialidad y verifica el cumplimiento de las normativas sobre protecci\u00f3n de datos personales.<\/span><\/p>\n<p>Los datos suministrados a estos terceros no podr\u00e1n ser utilizados para otros fines no autorizados por el titular de los datos.<\/p>\n<p>En cumplimiento de los principios de informaci\u00f3n y transparencia, se hace saber que estos terceros son:<\/p>\n<ul>\n<li>Mailchimp\u00ae: utilizada para automatizar los boletines de informaci\u00f3n comercial y enviar al correo electr\u00f3nico del titular de los datos, publicidad de los productos y\/o servicios ofrecidos en el sitio Web. Servicio a cargo de la empresa The Rocket Science Group LLC, ubicada en Estados Unidos de Am\u00e9rica, con un acuerdo de procesamiento de datos con cl\u00e1usulas tipo de la Comisi\u00f3n Europea y que se pueden detallar en <a href=\"https:\/\/mailchimp.com\/legal\/data-processing-addendum\/\" target=\"_blank\" rel=\"noopener\">https:\/\/mailchimp.com\/legal\/data-processing-addendum\/<\/a><\/li>\n<li>PayPal (Europe) S.\u00e0 r.l. et Cie, S.C.A.: empresa utilizada para gestionar los pagos mediante tarjeta de d\u00e9bito y cr\u00e9dito en el sitio web. Ubicada en 22-24 Boulevard Royal L-2449, Luxemburgo. Para m\u00e1s informaci\u00f3n puede visitar <a href=\"https:\/\/www.paypal.com\/es\/webapps\/mpp\/ua\/privacy-full?locale.x=es_ES\" target=\"_blank\" rel=\"noopener\">https:\/\/www.paypal.com\/es\/webapps\/mpp\/ua\/privacy-full?locale.x=es_ES<\/a><\/li>\n<li>Stripe: herramienta utilizada para gestionar los pagos mediante tarjeta de d\u00e9bito y cr\u00e9dito en el sitio web. El servicio es prestado por Stripe Inc que est\u00e1 ubicada en los Estados Unidos. Han adoptado cl\u00e1usulas tipo de procesamiento de datos aprobadas por la Comisi\u00f3n Europea que pueden ser consultadas en: <a href=\"https:\/\/stripe.com\/dpa\/legal\" target=\"_blank\" rel=\"noopener\">https:\/\/stripe.com\/dpa\/legal<\/a>. Para m\u00e1s informaci\u00f3n en <a href=\"https:\/\/stripe.com\/us\/privacy\" target=\"_blank\" rel=\"noopener\">https:\/\/stripe.com\/us\/privacy<\/a><\/li>\n<li>Facebook: Herramienta utilizada como red social y a los fines de conectarse con el titular de los datos. El servicio es prestado por la empresa Facebook Ireland Ltd., sus servidores est\u00e1n en Estados Unidos. Han adoptado cl\u00e1usulas tipo de procesamiento de datos aprobadas por la Comisi\u00f3n Europea que pueden ser consultadas en: <a href=\"https:\/\/www.facebook.com\/legal\/terms\/dataprocessing\" target=\"_blank\" rel=\"noopener\">https:\/\/www.facebook.com\/legal\/terms\/dataprocessing<\/a>. Puede consultarse su pol\u00edtica de prvacidad en <a href=\"https:\/\/www.facebook.com\/business\/gdpr\" target=\"_blank\" rel=\"noopener\">https:\/\/www.facebook.com\/business\/gdpr<\/a>. Con esta herramienta tambi\u00e9n se maneja la publicidad que se pueda realizar en WhatsApp y\/o Instagram, as\u00ed como el an\u00e1lisis de datos y estad\u00edsticas para una posible segmentaci\u00f3n de la publicidad.<\/li>\n<li>LinkedIn: Red social orientada a las empresas, a los negocios y el empleo. Puede ser contactada en <a href=\"https:\/\/www.linkedin.com\/help\/linkedin?lang=es\" target=\"_blank\" rel=\"noopener\" title=\"https:\/\/www.linkedin.com\/help\/linkedin?lang=es\">https:\/\/www.linkedin.com\/help\/linkedin?lang=es <\/a>y su pol\u00edtica de privacidad puede observarse en <a href=\"https:\/\/www.linkedin.com\/legal\/privacy-policy\" target=\"_blank\" rel=\"noopener\">https:\/\/www.linkedin.com\/legal\/privacy-policy<\/a><\/li>\n<li>Instagram: Red social y aplicaci\u00f3n para subir fotos y v\u00eddeos cuyo propietario es la empresa Facebook Inc., Puede ser contactada en <a href=\"https:\/\/help.instagram.com\/\" target=\"_blank\" rel=\"noopener\">https:\/\/help.instagram.com\/<\/a> y su pol\u00edtica de privacidad puede observarse en <a href=\"https:\/\/help.instagram.com\/155833707900388\" target=\"_blank\" rel=\"noopener\">https:\/\/help.instagram.com\/155833707900388<\/a><\/li>\n<\/ul>\n<p><span>En casos puntales <\/span><strong>Adyco Aduanas<\/strong><span> podr\u00e1 utilizar aplicaciones o herramientas que no hayan sido incluidas o nombradas en este listado, lo anterior por ser una mejor opci\u00f3n que coadyuve a la realizaci\u00f3n de una determinada tarea; si esto sucediera <strong>Adyco Aduanas<\/strong><\/span><span>\u00a0notificar\u00e1 de esta situaci\u00f3n a sus usuarios, clientes o participantes seg\u00fan fuere el caso.<\/span><\/p>\n<p><span><\/span><\/p>\n<p><span><\/span><\/p>\n<h2><strong>POL\u00cdTICAS RELACIONADAS CON LA NEWSLETTER<\/strong><\/h2>\n<p>Estas pol\u00edticas se entender\u00e1n en todo momento como parte complementaria de los t\u00e9rminos y condiciones expuestos en el sitio web, siendo ambos de igual aplicaci\u00f3n al momento de una controversia. La pol\u00edtica de privacidad y de propiedad intelectual aplicada ser\u00e1 la misma que se expone en los t\u00e9rminos y condiciones del sitio web.<\/p>\n<p>Se entender\u00e1 como \u201cnewsletter\u201d al bolet\u00edn digital que <span><strong>Adyco Aduanas <\/strong><\/span>realiza de forma peri\u00f3dica y que hace llegar a sus suscriptores a trav\u00e9s de un proveedor de servicios de correo electr\u00f3nico externo, al cual el usuario se ha suscrito de manera voluntaria.<\/p>\n<p><span><strong>Adyco Aduanas<\/strong><\/span> no est\u00e1 en la obligaci\u00f3n de enviar en per\u00edodos de tiempo definidos la newsletter, por lo que es totalmente libre de hacerlo cuando lo estime conveniente. El usuario podr\u00e1 en todo momento ejercer sus derechos de acceso, rectificaci\u00f3n, cancelaci\u00f3n u oposici\u00f3n siguiendo las instrucciones que encontrar\u00e1 en el pie de p\u00e1gina de la newsletter.<\/p>\n<p>El usuario no deber\u00e1 compartir su contenido con terceros, ya que esto violar\u00eda los derechos de autor de <span><strong>Adyco Aduanas<\/strong><\/span>. El \u00fanico canal de distribuci\u00f3n posible es el administrado y\/o autorizado por <span><strong>Adyco Aduanas<\/strong><\/span>.<\/p>\n<p><span><strong>Adyco Aduanas<\/strong><\/span> no se har\u00e1 responsable por el contenido de terceros expuesto en la newsletter, cualquier controversia que surja deber\u00e1 ser tratada directamente con la persona o empresa de la cual se hace menci\u00f3n.<\/p>\n<p>Todo el material que se expone en la newsletter est\u00e1 protegido por derechos de autor a favor de <span><strong>Adyco Aduanas<\/strong><\/span>, y en el caso de pertenecer a terceros, se entender\u00e1 que <span><strong>Adyco Aduanas <\/strong><\/span>tiene la debida autorizaci\u00f3n para utilizarlo como se haya convenido con el autor.<\/p>\n<p><span><\/span><\/p>\n<p><span><\/span><\/p>\n<h2><strong>DURACI\u00d3N DEL TRATAMIENTO<\/strong><\/h2>\n<p>En el caso de los datos personales suministrados para facturaci\u00f3n de servicios, ser\u00e1n guardados por el tiempo legalmente aplicable.<\/p>\n<p>En el caso de los datos personales suministrados para boletines comerciales electr\u00f3nicos y comentarios en el blog, ser\u00e1 por el tiempo que el titular de los datos desee permanecer en la lista de suscripci\u00f3n, por lo que podr\u00e1 darse de baja en el momento que as\u00ed lo desee, de forma autom\u00e1tica como se indica en cada bolet\u00edn, o escribiendo a <a href=\"mailto:administracion@adycoaduanas.com\">administracion@adycoaduanas.com.<\/a><\/p>\n<p>[\/et_pb_text][\/et_pb_column][\/et_pb_row][\/et_pb_section]<\/p>\n","protected":false},"excerpt":{"rendered":"<p>POL\u00cdTICA DE PRIVACIDAD &nbsp; RESPONSABLE DE DATOS PERSONALES La persona responsable de Datos personales es ADOLFO IGLESIAS GONZ\u00c1LEZ, n\u00famero de DNI 51360670Z con domicilio en AVENIDA DE RAFAEL NADAL, 15, ALCOBENDAS, MADRID, CP 28108, Espa\u00f1a, en lo adelante Adolfo Iglesias, y cuyo correo electr\u00f3nico de contacto es direccion@adycoaduanas.com en calidad de Administrador de la sociedad [&hellip;]<\/p>\n","protected":false},"author":1,"featured_media":0,"parent":0,"menu_order":0,"comment_status":"closed","ping_status":"closed","template":"","meta":{"_et_pb_use_builder":"on","_et_pb_old_content":"","_et_gb_content_width":"","_monsterinsights_skip_tracking":false,"_monsterinsights_sitenote_active":false,"_monsterinsights_sitenote_note":"","_monsterinsights_sitenote_category":0,"footnotes":""},"class_list":["post-74","page","type-page","status-publish","hentry"],"yoast_head":"<!-- This site is optimized with the Yoast SEO plugin v27.5 - https:\/\/yoast.com\/product\/yoast-seo-wordpress\/ -->\n<title>POLITICA DE PRIVACIDAD | Adyco Aduanas<\/title>\n<meta name=\"description\" content=\"Pol\u00edtica de privacidad ADYCO ADUANAS S.L. Responsable de datos personales: La persona responsable de Datos personales...\" \/>\n<meta name=\"robots\" content=\"noindex, nofollow\" \/>\n<meta property=\"og:locale\" content=\"es_ES\" \/>\n<meta property=\"og:type\" content=\"article\" \/>\n<meta property=\"og:title\" content=\"POLITICA DE PRIVACIDAD | Adyco Aduanas\" \/>\n<meta property=\"og:description\" content=\"Pol\u00edtica de privacidad ADYCO ADUANAS S.L. Responsable de datos personales: La persona responsable de Datos personales...\" \/>\n<meta property=\"og:url\" content=\"https:\/\/www.adycoaduanas.com\/aduanas\/politica-de-privacidad\/\" \/>\n<meta property=\"og:site_name\" content=\"Adyco Aduanas\" \/>\n<meta property=\"article:modified_time\" content=\"2023-09-13T16:17:35+00:00\" \/>\n<meta property=\"og:image\" content=\"https:\/\/www.adycoaduanas.com\/aduanas\/wp-content\/uploads\/2023\/07\/Exterior-Adyco.jpg\" \/>\n\t<meta property=\"og:image:width\" content=\"1280\" \/>\n\t<meta property=\"og:image:height\" content=\"650\" \/>\n\t<meta property=\"og:image:type\" content=\"image\/jpeg\" \/>\n<meta name=\"twitter:card\" content=\"summary_large_image\" \/>\n<meta name=\"twitter:site\" content=\"@AdycoAduanas\" \/>\n<meta name=\"twitter:label1\" content=\"Tiempo de lectura\" \/>\n\t<meta name=\"twitter:data1\" content=\"8 minutos\" \/>\n<script type=\"application\/ld+json\" class=\"yoast-schema-graph\">{\"@context\":\"https:\\\/\\\/schema.org\",\"@graph\":[{\"@type\":\"WebPage\",\"@id\":\"https:\\\/\\\/www.adycoaduanas.com\\\/aduanas\\\/politica-de-privacidad\\\/\",\"url\":\"https:\\\/\\\/www.adycoaduanas.com\\\/aduanas\\\/politica-de-privacidad\\\/\",\"name\":\"POLITICA DE PRIVACIDAD | Adyco Aduanas\",\"isPartOf\":{\"@id\":\"https:\\\/\\\/www.adycoaduanas.com\\\/aduanas\\\/#website\"},\"datePublished\":\"2023-06-02T11:49:09+00:00\",\"dateModified\":\"2023-09-13T16:17:35+00:00\",\"description\":\"Pol\u00edtica de privacidad ADYCO ADUANAS S.L. Responsable de datos personales: La persona responsable de Datos personales...\",\"breadcrumb\":{\"@id\":\"https:\\\/\\\/www.adycoaduanas.com\\\/aduanas\\\/politica-de-privacidad\\\/#breadcrumb\"},\"inLanguage\":\"es\",\"potentialAction\":[{\"@type\":\"ReadAction\",\"target\":[\"https:\\\/\\\/www.adycoaduanas.com\\\/aduanas\\\/politica-de-privacidad\\\/\"]}]},{\"@type\":\"BreadcrumbList\",\"@id\":\"https:\\\/\\\/www.adycoaduanas.com\\\/aduanas\\\/politica-de-privacidad\\\/#breadcrumb\",\"itemListElement\":[{\"@type\":\"ListItem\",\"position\":1,\"name\":\"Portada\",\"item\":\"https:\\\/\\\/www.adycoaduanas.com\\\/aduanas\\\/\"},{\"@type\":\"ListItem\",\"position\":2,\"name\":\"POLITICA DE PRIVACIDAD\"}]},{\"@type\":\"WebSite\",\"@id\":\"https:\\\/\\\/www.adycoaduanas.com\\\/aduanas\\\/#website\",\"url\":\"https:\\\/\\\/www.adycoaduanas.com\\\/aduanas\\\/\",\"name\":\"Adyco Aduanas\",\"description\":\"L\u00edderes en e-commerce y log\u00edstica a Canarias\",\"publisher\":{\"@id\":\"https:\\\/\\\/www.adycoaduanas.com\\\/aduanas\\\/#organization\"},\"potentialAction\":[{\"@type\":\"SearchAction\",\"target\":{\"@type\":\"EntryPoint\",\"urlTemplate\":\"https:\\\/\\\/www.adycoaduanas.com\\\/aduanas\\\/?s={search_term_string}\"},\"query-input\":{\"@type\":\"PropertyValueSpecification\",\"valueRequired\":true,\"valueName\":\"search_term_string\"}}],\"inLanguage\":\"es\"},{\"@type\":\"Organization\",\"@id\":\"https:\\\/\\\/www.adycoaduanas.com\\\/aduanas\\\/#organization\",\"name\":\"Adyco Aduanas S.L.\",\"url\":\"https:\\\/\\\/www.adycoaduanas.com\\\/aduanas\\\/\",\"logo\":{\"@type\":\"ImageObject\",\"inLanguage\":\"es\",\"@id\":\"https:\\\/\\\/www.adycoaduanas.com\\\/aduanas\\\/#\\\/schema\\\/logo\\\/image\\\/\",\"url\":\"https:\\\/\\\/www.adycoaduanas.com\\\/aduanas\\\/wp-content\\\/uploads\\\/2023\\\/06\\\/300x140.png\",\"contentUrl\":\"https:\\\/\\\/www.adycoaduanas.com\\\/aduanas\\\/wp-content\\\/uploads\\\/2023\\\/06\\\/300x140.png\",\"width\":300,\"height\":140,\"caption\":\"Adyco Aduanas S.L.\"},\"image\":{\"@id\":\"https:\\\/\\\/www.adycoaduanas.com\\\/aduanas\\\/#\\\/schema\\\/logo\\\/image\\\/\"},\"sameAs\":[\"https:\\\/\\\/x.com\\\/AdycoAduanas\",\"https:\\\/\\\/www.linkedin.com\\\/company\\\/adyco-aduanas-sl\\\/about\\\/\"]}]}<\/script>\n<!-- \/ Yoast SEO plugin. -->","yoast_head_json":{"title":"POLITICA DE PRIVACIDAD | Adyco Aduanas","description":"Pol\u00edtica de privacidad ADYCO ADUANAS S.L. Responsable de datos personales: La persona responsable de Datos personales...","robots":{"index":"noindex","follow":"nofollow"},"og_locale":"es_ES","og_type":"article","og_title":"POLITICA DE PRIVACIDAD | Adyco Aduanas","og_description":"Pol\u00edtica de privacidad ADYCO ADUANAS S.L. Responsable de datos personales: La persona responsable de Datos personales...","og_url":"https:\/\/www.adycoaduanas.com\/aduanas\/politica-de-privacidad\/","og_site_name":"Adyco Aduanas","article_modified_time":"2023-09-13T16:17:35+00:00","og_image":[{"width":1280,"height":650,"url":"https:\/\/www.adycoaduanas.com\/aduanas\/wp-content\/uploads\/2023\/07\/Exterior-Adyco.jpg","type":"image\/jpeg"}],"twitter_card":"summary_large_image","twitter_site":"@AdycoAduanas","twitter_misc":{"Tiempo de lectura":"8 minutos"},"schema":{"@context":"https:\/\/schema.org","@graph":[{"@type":"WebPage","@id":"https:\/\/www.adycoaduanas.com\/aduanas\/politica-de-privacidad\/","url":"https:\/\/www.adycoaduanas.com\/aduanas\/politica-de-privacidad\/","name":"POLITICA DE PRIVACIDAD | Adyco Aduanas","isPartOf":{"@id":"https:\/\/www.adycoaduanas.com\/aduanas\/#website"},"datePublished":"2023-06-02T11:49:09+00:00","dateModified":"2023-09-13T16:17:35+00:00","description":"Pol\u00edtica de privacidad ADYCO ADUANAS S.L. Responsable de datos personales: La persona responsable de Datos personales...","breadcrumb":{"@id":"https:\/\/www.adycoaduanas.com\/aduanas\/politica-de-privacidad\/#breadcrumb"},"inLanguage":"es","potentialAction":[{"@type":"ReadAction","target":["https:\/\/www.adycoaduanas.com\/aduanas\/politica-de-privacidad\/"]}]},{"@type":"BreadcrumbList","@id":"https:\/\/www.adycoaduanas.com\/aduanas\/politica-de-privacidad\/#breadcrumb","itemListElement":[{"@type":"ListItem","position":1,"name":"Portada","item":"https:\/\/www.adycoaduanas.com\/aduanas\/"},{"@type":"ListItem","position":2,"name":"POLITICA DE PRIVACIDAD"}]},{"@type":"WebSite","@id":"https:\/\/www.adycoaduanas.com\/aduanas\/#website","url":"https:\/\/www.adycoaduanas.com\/aduanas\/","name":"Adyco Aduanas","description":"L\u00edderes en e-commerce y log\u00edstica a Canarias","publisher":{"@id":"https:\/\/www.adycoaduanas.com\/aduanas\/#organization"},"potentialAction":[{"@type":"SearchAction","target":{"@type":"EntryPoint","urlTemplate":"https:\/\/www.adycoaduanas.com\/aduanas\/?s={search_term_string}"},"query-input":{"@type":"PropertyValueSpecification","valueRequired":true,"valueName":"search_term_string"}}],"inLanguage":"es"},{"@type":"Organization","@id":"https:\/\/www.adycoaduanas.com\/aduanas\/#organization","name":"Adyco Aduanas S.L.","url":"https:\/\/www.adycoaduanas.com\/aduanas\/","logo":{"@type":"ImageObject","inLanguage":"es","@id":"https:\/\/www.adycoaduanas.com\/aduanas\/#\/schema\/logo\/image\/","url":"https:\/\/www.adycoaduanas.com\/aduanas\/wp-content\/uploads\/2023\/06\/300x140.png","contentUrl":"https:\/\/www.adycoaduanas.com\/aduanas\/wp-content\/uploads\/2023\/06\/300x140.png","width":300,"height":140,"caption":"Adyco Aduanas S.L."},"image":{"@id":"https:\/\/www.adycoaduanas.com\/aduanas\/#\/schema\/logo\/image\/"},"sameAs":["https:\/\/x.com\/AdycoAduanas","https:\/\/www.linkedin.com\/company\/adyco-aduanas-sl\/about\/"]}]}},"_links":{"self":[{"href":"https:\/\/www.adycoaduanas.com\/aduanas\/wp-json\/wp\/v2\/pages\/74","targetHints":{"allow":["GET"]}}],"collection":[{"href":"https:\/\/www.adycoaduanas.com\/aduanas\/wp-json\/wp\/v2\/pages"}],"about":[{"href":"https:\/\/www.adycoaduanas.com\/aduanas\/wp-json\/wp\/v2\/types\/page"}],"author":[{"embeddable":true,"href":"https:\/\/www.adycoaduanas.com\/aduanas\/wp-json\/wp\/v2\/users\/1"}],"replies":[{"embeddable":true,"href":"https:\/\/www.adycoaduanas.com\/aduanas\/wp-json\/wp\/v2\/comments?post=74"}],"version-history":[{"count":11,"href":"https:\/\/www.adycoaduanas.com\/aduanas\/wp-json\/wp\/v2\/pages\/74\/revisions"}],"predecessor-version":[{"id":238109,"href":"https:\/\/www.adycoaduanas.com\/aduanas\/wp-json\/wp\/v2\/pages\/74\/revisions\/238109"}],"wp:attachment":[{"href":"https:\/\/www.adycoaduanas.com\/aduanas\/wp-json\/wp\/v2\/media?parent=74"}],"curies":[{"name":"wp","href":"https:\/\/api.w.org\/{rel}","templated":true}]}}